{"id":278,"date":"2018-07-29T09:19:37","date_gmt":"2018-07-29T09:19:37","guid":{"rendered":"https:\/\/chopcon.dk\/?page_id=278"},"modified":"2018-09-07T15:00:28","modified_gmt":"2018-09-07T15:00:28","slug":"arkiv","status":"publish","type":"page","link":"https:\/\/chopcon.dk\/index.php\/arkiv\/","title":{"rendered":"Arkiv"},"content":{"rendered":"<p>Her inde vil v\u00e6re at finde vores begyndende billede arkiv.<\/p>\n<p>Vi vil ogs\u00e5 begynde at at f\u00e5 st\u00f8vet nogle af de gamle fotos op, skannet ind, og lagt op herinde. Skulle man have nogle billeder, som man syntes ville v\u00e6re fede og som man vil dele, fra de gamle M\u00f8rke Con dage, s\u00e5 er man velkommen til at skrive ind ( og sende billedet selvf\u00f8lgelig ), s\u00e5 vil vi se hvad de sm\u00e5 arkiv trolde kan finde ud af.<\/p>\n<p>Grundet de evindelige kampe mellem arkiv troldene og skrive nisserne kan det dog godt tage lidt tid inde billederne vil forfindes p\u00e5 siden, s\u00e5 hav t\u00e5lmodighed.<\/p>\n","protected":false},"excerpt":{"rendered":"<p>Her inde vil v\u00e6re at finde vores begyndende billede arkiv. Vi vil ogs\u00e5 begynde at at f\u00e5 st\u00f8vet nogle af de gamle fotos op, skannet ind, og lagt op herinde. &hellip; <a href=\"https:\/\/chopcon.dk\/index.php\/arkiv\/\" class=\"more-link\">Continue reading <span class=\"screen-reader-text\">Arkiv<\/span> <span class=\"meta-nav\">&rarr;<\/span><\/a><\/p>\n","protected":false},"author":3,"featured_media":0,"parent":0,"menu_order":0,"comment_status":"closed","ping_status":"closed","template":"","meta":{"ngg_post_thumbnail":0,"footnotes":""},"class_list":["post-278","page","type-page","status-publish","hentry"],"_links":{"self":[{"href":"https:\/\/chopcon.dk\/index.php\/wp-json\/wp\/v2\/pages\/278","targetHints":{"allow":["GET"]}}],"collection":[{"href":"https:\/\/chopcon.dk\/index.php\/wp-json\/wp\/v2\/pages"}],"about":[{"href":"https:\/\/chopcon.dk\/index.php\/wp-json\/wp\/v2\/types\/page"}],"author":[{"embeddable":true,"href":"https:\/\/chopcon.dk\/index.php\/wp-json\/wp\/v2\/users\/3"}],"replies":[{"embeddable":true,"href":"https:\/\/chopcon.dk\/index.php\/wp-json\/wp\/v2\/comments?post=278"}],"version-history":[{"count":8,"href":"https:\/\/chopcon.dk\/index.php\/wp-json\/wp\/v2\/pages\/278\/revisions"}],"predecessor-version":[{"id":446,"href":"https:\/\/chopcon.dk\/index.php\/wp-json\/wp\/v2\/pages\/278\/revisions\/446"}],"wp:attachment":[{"href":"https:\/\/chopcon.dk\/index.php\/wp-json\/wp\/v2\/media?parent=278"}],"curies":[{"name":"wp","href":"https:\/\/api.w.org\/{rel}","templated":true}]}}